{"id":7297,"date":"2018-04-05T11:47:21","date_gmt":"2018-04-05T09:47:21","guid":{"rendered":"http:\/\/www.univ-bechar.dz\/portail\/site\/?page_id=7297"},"modified":"2018-04-05T11:47:21","modified_gmt":"2018-04-05T09:47:21","slug":"service-de-la-formation-continue","status":"publish","type":"page","link":"https:\/\/www.univ-bechar.dz\/univ\/index.php\/vices-rectorats\/relations-exterieurs\/service-de-la-formation-continue\/","title":{"rendered":"Service de la formation continue"},"content":{"rendered":"<h1 class=\"name post-title entry-title\">Service de la formation continue<\/h1>\n<div class=\"entry\">\n<div id=\"dslc-theme-content\">\n<div id=\"dslc-theme-content-inner\">\n<p>&nbsp;<\/p>\n<p>Le service prend en charge les op\u00e9rations suivantes :<\/p>\n<p>Suivre les actions de formation \u00e0 distance assur\u00e9es par l\u2019universit\u00e9 et \u00a0promouvoir les actions de formation continue.<br \/>\nEn absence de formation continue, le service est charg\u00e9 de :<\/p>\n<p>Veiller \u00e0 la coh\u00e9rence des offres de formation pr\u00e9sent\u00e9es par les facult\u00e9s.<br \/>\nVeiller au respect de la r\u00e9glementation en vigueur en mati\u00e8re de progression des \u00e9tudiants dans le syst\u00e8me LMD et en graduation.<\/p>\n<\/div>\n<\/div>\n<\/div>\n","protected":false},"excerpt":{"rendered":"<p>Service de la formation continue &nbsp; Le service prend en charge les op\u00e9rations suivantes : Suivre les actions de formation \u00e0 distance assur\u00e9es par l\u2019universit\u00e9 et \u00a0promouvoir les actions de formation continue. En absence de formation continue, le service est charg\u00e9 de : Veiller \u00e0 la coh\u00e9rence des offres de formation pr\u00e9sent\u00e9es par les facult\u00e9s. &hellip;<\/p>\n","protected":false},"author":2,"featured_media":0,"parent":6732,"menu_order":0,"comment_status":"closed","ping_status":"closed","template":"","meta":[],"yoast_head":"<!-- This site is optimized with the Yoast SEO plugin v20.8 - https:\/\/yoast.com\/wordpress\/plugins\/seo\/ -->\n<title>Service de la formation continue - univ<\/title>\n<meta name=\"robots\" content=\"index, follow, max-snippet:-1, max-image-preview:large, max-video-preview:-1\" \/>\n<link rel=\"canonical\" href=\"https:\/\/www.univ-bechar.dz\/univ\/index.php\/vices-rectorats\/relations-exterieurs\/service-de-la-formation-continue\/\" \/>\n<meta property=\"og:locale\" content=\"fr_FR\" \/>\n<meta property=\"og:type\" content=\"article\" \/>\n<meta property=\"og:title\" content=\"Service de la formation continue - univ\" \/>\n<meta property=\"og:description\" content=\"Service de la formation continue &nbsp; Le service prend en charge les op\u00e9rations suivantes : Suivre les actions de formation \u00e0 distance assur\u00e9es par l\u2019universit\u00e9 et \u00a0promouvoir les actions de formation continue. En absence de formation continue, le service est charg\u00e9 de : Veiller \u00e0 la coh\u00e9rence des offres de formation pr\u00e9sent\u00e9es par les facult\u00e9s. &hellip;\" \/>\n<meta property=\"og:url\" content=\"https:\/\/www.univ-bechar.dz\/univ\/index.php\/vices-rectorats\/relations-exterieurs\/service-de-la-formation-continue\/\" \/>\n<meta property=\"og:site_name\" content=\"univ\" \/>\n<meta property=\"article:publisher\" content=\"http:\/\/www.facebook.com\/univ.bechar\" \/>\n<meta name=\"twitter:card\" content=\"summary_large_image\" \/>\n<script type=\"application\/ld+json\" class=\"yoast-schema-graph\">{\"@context\":\"https:\/\/schema.org\",\"@graph\":[{\"@type\":\"WebPage\",\"@id\":\"https:\/\/www.univ-bechar.dz\/univ\/index.php\/vices-rectorats\/relations-exterieurs\/service-de-la-formation-continue\/\",\"url\":\"https:\/\/www.univ-bechar.dz\/univ\/index.php\/vices-rectorats\/relations-exterieurs\/service-de-la-formation-continue\/\",\"name\":\"Service de la formation continue - univ\",\"isPartOf\":{\"@id\":\"https:\/\/www.univ-bechar.dz\/univ\/#website\"},\"datePublished\":\"2018-04-05T09:47:21+00:00\",\"dateModified\":\"2018-04-05T09:47:21+00:00\",\"breadcrumb\":{\"@id\":\"https:\/\/www.univ-bechar.dz\/univ\/index.php\/vices-rectorats\/relations-exterieurs\/service-de-la-formation-continue\/#breadcrumb\"},\"inLanguage\":\"fr-FR\",\"potentialAction\":[{\"@type\":\"ReadAction\",\"target\":[\"https:\/\/www.univ-bechar.dz\/univ\/index.php\/vices-rectorats\/relations-exterieurs\/service-de-la-formation-continue\/\"]}]},{\"@type\":\"BreadcrumbList\",\"@id\":\"https:\/\/www.univ-bechar.dz\/univ\/index.php\/vices-rectorats\/relations-exterieurs\/service-de-la-formation-continue\/#breadcrumb\",\"itemListElement\":[{\"@type\":\"ListItem\",\"position\":1,\"name\":\"Home\",\"item\":\"https:\/\/www.univ-bechar.dz\/univ\/\"},{\"@type\":\"ListItem\",\"position\":2,\"name\":\"Vices Rectorats\",\"item\":\"https:\/\/www.univ-bechar.dz\/univ\/index.php\/vices-rectorats\/\"},{\"@type\":\"ListItem\",\"position\":3,\"name\":\"Le Vice rectorat charg\u00e9 de la formation sup\u00e9rieure de troisi\u00e8me cycle, l&#039;habilitation universitaire, la recherche scientifique, et la formation sup\u00e9rieure de post-graduation\",\"item\":\"https:\/\/www.univ-bechar.dz\/univ\/index.php\/vices-rectorats\/relations-exterieurs\/\"},{\"@type\":\"ListItem\",\"position\":4,\"name\":\"Service de la formation continue\"}]},{\"@type\":\"WebSite\",\"@id\":\"https:\/\/www.univ-bechar.dz\/univ\/#website\",\"url\":\"https:\/\/www.univ-bechar.dz\/univ\/\",\"name\":\"univ\",\"description\":\"UTMB\",\"publisher\":{\"@id\":\"https:\/\/www.univ-bechar.dz\/univ\/#organization\"},\"potentialAction\":[{\"@type\":\"SearchAction\",\"target\":{\"@type\":\"EntryPoint\",\"urlTemplate\":\"https:\/\/www.univ-bechar.dz\/univ\/?s={search_term_string}\"},\"query-input\":\"required name=search_term_string\"}],\"inLanguage\":\"fr-FR\"},{\"@type\":\"Organization\",\"@id\":\"https:\/\/www.univ-bechar.dz\/univ\/#organization\",\"name\":\"univ\",\"url\":\"https:\/\/www.univ-bechar.dz\/univ\/\",\"logo\":{\"@type\":\"ImageObject\",\"inLanguage\":\"fr-FR\",\"@id\":\"https:\/\/www.univ-bechar.dz\/univ\/#\/schema\/logo\/image\/\",\"url\":\"https:\/\/www.univ-bechar.dz\/univ\/wp-content\/uploads\/2022\/09\/LOGOUNIV.png\",\"contentUrl\":\"https:\/\/www.univ-bechar.dz\/univ\/wp-content\/uploads\/2022\/09\/LOGOUNIV.png\",\"width\":670,\"height\":962,\"caption\":\"univ\"},\"image\":{\"@id\":\"https:\/\/www.univ-bechar.dz\/univ\/#\/schema\/logo\/image\/\"},\"sameAs\":[\"http:\/\/www.facebook.com\/univ.bechar\"]}]}<\/script>\n<!-- \/ Yoast SEO plugin. -->","yoast_head_json":{"title":"Service de la formation continue - univ","robots":{"index":"index","follow":"follow","max-snippet":"max-snippet:-1","max-image-preview":"max-image-preview:large","max-video-preview":"max-video-preview:-1"},"canonical":"https:\/\/www.univ-bechar.dz\/univ\/index.php\/vices-rectorats\/relations-exterieurs\/service-de-la-formation-continue\/","og_locale":"fr_FR","og_type":"article","og_title":"Service de la formation continue - univ","og_description":"Service de la formation continue &nbsp; Le service prend en charge les op\u00e9rations suivantes : Suivre les actions de formation \u00e0 distance assur\u00e9es par l\u2019universit\u00e9 et \u00a0promouvoir les actions de formation continue. En absence de formation continue, le service est charg\u00e9 de : Veiller \u00e0 la coh\u00e9rence des offres de formation pr\u00e9sent\u00e9es par les facult\u00e9s. &hellip;","og_url":"https:\/\/www.univ-bechar.dz\/univ\/index.php\/vices-rectorats\/relations-exterieurs\/service-de-la-formation-continue\/","og_site_name":"univ","article_publisher":"http:\/\/www.facebook.com\/univ.bechar","twitter_card":"summary_large_image","schema":{"@context":"https:\/\/schema.org","@graph":[{"@type":"WebPage","@id":"https:\/\/www.univ-bechar.dz\/univ\/index.php\/vices-rectorats\/relations-exterieurs\/service-de-la-formation-continue\/","url":"https:\/\/www.univ-bechar.dz\/univ\/index.php\/vices-rectorats\/relations-exterieurs\/service-de-la-formation-continue\/","name":"Service de la formation continue - univ","isPartOf":{"@id":"https:\/\/www.univ-bechar.dz\/univ\/#website"},"datePublished":"2018-04-05T09:47:21+00:00","dateModified":"2018-04-05T09:47:21+00:00","breadcrumb":{"@id":"https:\/\/www.univ-bechar.dz\/univ\/index.php\/vices-rectorats\/relations-exterieurs\/service-de-la-formation-continue\/#breadcrumb"},"inLanguage":"fr-FR","potentialAction":[{"@type":"ReadAction","target":["https:\/\/www.univ-bechar.dz\/univ\/index.php\/vices-rectorats\/relations-exterieurs\/service-de-la-formation-continue\/"]}]},{"@type":"BreadcrumbList","@id":"https:\/\/www.univ-bechar.dz\/univ\/index.php\/vices-rectorats\/relations-exterieurs\/service-de-la-formation-continue\/#breadcrumb","itemListElement":[{"@type":"ListItem","position":1,"name":"Home","item":"https:\/\/www.univ-bechar.dz\/univ\/"},{"@type":"ListItem","position":2,"name":"Vices Rectorats","item":"https:\/\/www.univ-bechar.dz\/univ\/index.php\/vices-rectorats\/"},{"@type":"ListItem","position":3,"name":"Le Vice rectorat charg\u00e9 de la formation sup\u00e9rieure de troisi\u00e8me cycle, l&#039;habilitation universitaire, la recherche scientifique, et la formation sup\u00e9rieure de post-graduation","item":"https:\/\/www.univ-bechar.dz\/univ\/index.php\/vices-rectorats\/relations-exterieurs\/"},{"@type":"ListItem","position":4,"name":"Service de la formation continue"}]},{"@type":"WebSite","@id":"https:\/\/www.univ-bechar.dz\/univ\/#website","url":"https:\/\/www.univ-bechar.dz\/univ\/","name":"univ","description":"UTMB","publisher":{"@id":"https:\/\/www.univ-bechar.dz\/univ\/#organization"},"potentialAction":[{"@type":"SearchAction","target":{"@type":"EntryPoint","urlTemplate":"https:\/\/www.univ-bechar.dz\/univ\/?s={search_term_string}"},"query-input":"required name=search_term_string"}],"inLanguage":"fr-FR"},{"@type":"Organization","@id":"https:\/\/www.univ-bechar.dz\/univ\/#organization","name":"univ","url":"https:\/\/www.univ-bechar.dz\/univ\/","logo":{"@type":"ImageObject","inLanguage":"fr-FR","@id":"https:\/\/www.univ-bechar.dz\/univ\/#\/schema\/logo\/image\/","url":"https:\/\/www.univ-bechar.dz\/univ\/wp-content\/uploads\/2022\/09\/LOGOUNIV.png","contentUrl":"https:\/\/www.univ-bechar.dz\/univ\/wp-content\/uploads\/2022\/09\/LOGOUNIV.png","width":670,"height":962,"caption":"univ"},"image":{"@id":"https:\/\/www.univ-bechar.dz\/univ\/#\/schema\/logo\/image\/"},"sameAs":["http:\/\/www.facebook.com\/univ.bechar"]}]}},"_links":{"self":[{"href":"https:\/\/www.univ-bechar.dz\/univ\/index.php\/wp-json\/wp\/v2\/pages\/7297"}],"collection":[{"href":"https:\/\/www.univ-bechar.dz\/univ\/index.php\/wp-json\/wp\/v2\/pages"}],"about":[{"href":"https:\/\/www.univ-bechar.dz\/univ\/index.php\/wp-json\/wp\/v2\/types\/page"}],"author":[{"embeddable":true,"href":"https:\/\/www.univ-bechar.dz\/univ\/index.php\/wp-json\/wp\/v2\/users\/2"}],"replies":[{"embeddable":true,"href":"https:\/\/www.univ-bechar.dz\/univ\/index.php\/wp-json\/wp\/v2\/comments?post=7297"}],"version-history":[{"count":0,"href":"https:\/\/www.univ-bechar.dz\/univ\/index.php\/wp-json\/wp\/v2\/pages\/7297\/revisions"}],"up":[{"embeddable":true,"href":"https:\/\/www.univ-bechar.dz\/univ\/index.php\/wp-json\/wp\/v2\/pages\/6732"}],"wp:attachment":[{"href":"https:\/\/www.univ-bechar.dz\/univ\/index.php\/wp-json\/wp\/v2\/media?parent=7297"}],"curies":[{"name":"wp","href":"https:\/\/api.w.org\/{rel}","templated":true}]}}